e 2*t = -0*t + 4. Suppose 2*p - t = p. Suppose -4*s = -5*w + 111, -s + p*s = -4*w + 72. List the prime factors of w.
19
Suppose k = 3*p + 299, k - 13*p = -12*p + 309. List the prime factors of k.
2, 157
Let i = 4 + 309. What are the prime factors of i?
313
Suppose -3 = -m - 4*r - 0*r, -2*r - 9 = -3*m. Let c be m/(-12) - 2/(-8). Suppose c = 3*n - 9*n + 198. List the prime factors of n.
3, 11
Let k(o) = o**3 + o + 2. Let n be k(0). Suppose -4*t + 102 = n*t. List the prime factors of t.
17
Let w = 116 - -8. List the prime factors of w.
2, 31
Suppose -l + 7*l = 42. Let x(f) = f**3 - f. Let p be x(1). Suppose -l*b + 3*b + 320 = p. List the prime factors of b.
2, 5
Suppose q + 5*t - 30 = 0, 5*q + 3*t = -0*q + 150. Let x = 0 - -75. Let d = x - q. List the prime factors of d.
3, 5
Suppose 6*g - g = 25, 3*n + 4*g - 1934 = 0. What are the prime factors of n?
2, 11, 29
Suppose -2*v - 2*k + 2030 = 0, -2*k - 2038 = -v - v. List the prime factors of v.
3, 113
Suppose 8*o + 2*o - 110 = 0. Suppose o*c = -56 + 353. What are the prime factors of c?
3
Suppose 8274 = -66*g + 73*g. List the prime factors of g.
2, 3, 197
Let r be 3/((-4)/(16/3)) + 9. Suppose -z = -r*h + 935, -5*z + 53 - 216 = -h. What are the prime factors of h?
2, 47
Suppose -288 = -2*y + 540. List the prime factors of y.
2, 3, 23
Let s = 3036 + -1495. List the prime factors of s.
23, 67
Suppose 485 = -5*q - 200. Let u = q + 249. Let j = u - 77. What are the prime factors of j?
5, 7
Suppose 26*m = 20*m + 1968. List the prime factors of m.
2, 41
Let k = -10 + 10. Suppose k*d + 4*d = 20. What are the prime factors of 3 + d - -2 - -3?
13
Suppose -1413 = 11*w - 6044. What are the prime factors of w?
421
Let d(y) be the first derivative of 2*y**3/3 - 7*y**2/2 - 2*y - 6. Let z be d(5). Let i = z - 4. What are the prime factors of i?
3
Suppose p + 1 = 5. Suppose 4*f + f + p*o - 21 = 0, -f - o + 4 = 0. Suppose -f*n + 256 = 21. List the prime factors of n.
47
Let l be 8/(-52) - 788/(-52). Suppose 0 = -l*o + 13*o + 384. What are the prime factors of o?
2, 3
Let l = 1788 - 827. List the prime factors of l.
31
Suppose -3*o - 4*p = -1024, -p - 350 = -o + 2*p. List the prime factors of o.
2, 43
Suppose -4*h - j + 2*j + 65 = 0, 0 = 3*h + j - 47. Let a = h + 2. List the prime factors of a.
2, 3
Let i(z) = -z**3 - 4*z**2 - z - 4. Let b be i(-4). Let s = -27 + b. What are the prime factors of -3 + (-3 - s) + -2?
19
Let n be (-2)/3*-1 - (-308)/231. Suppose -460 = -2*q - n*q + 4*y, -3*y = 3*q - 375. What are the prime factors of q?
2, 3, 5
Suppose -40 = -5*c + 5*t - 0*t, 3*t = 4*c - 33. Suppose -330 = -c*j + 4*j. List the prime factors of j.
2, 3, 11
Let b(c) = c + 27. Let v = 3 + -12. Let n = 9 + v. What are the prime factors of b(n)?
3
Suppose -124085 = -25*h - 40*h. List the prime factors of h.
23, 83
Let k(x) = 415*x**2 + 5*x - 27. List the prime factors of k(3).
3, 17, 73
What are the prime factors of 6 - 156/12 - -159?
2, 19
Let h be ((-1500)/16)/(-3) + 1/(-4). Suppose 4*g + 4*j - 124 = j, 5*j = -g + h. List the prime factors of g.
31
Let t = 596 + 39. List the prime factors of t.
5, 127
Suppose 0 = -3*o, -4*k - 4*o - 104 = 76. Let m be 2/(-6)*(8 - -211). Let l = k - m. What are the prime factors of l?
2, 7
Suppose -b - 5*r - 1 = 0, -2*b + 0*r + 6 = 2*r. Suppose d = 5*d - 3*c - 21, -b*c = -d + 2. Let t(p) = -p**2 + 9*p. What are the prime factors of t(d)?
2, 3
Suppose 0*j - 2*j + 128 = 0. Let o be (0 - -1) + -2 - -13. Suppose -j + o = -2*a. List the prime factors of a.
2, 13
Let t be 1/4 + (-720970)/40. Let d be 2/(-5) + t/(-60). Suppose -4*l - d = -9*l. What are the prime factors of l?
2, 3, 5
Let j = 615 - 263. Suppose 0 = 14*n - 1118 - j. List the prime factors of n.
3, 5, 7
Let k(i) = 13*i**2 - 18*i + 3. What are the prime factors of k(-8)?
11, 89
Let l(c) be the second derivative of -c**3/3 + c**2/2 + 6*c. Let b be l(-8). Let u = b + -3. List the prime factors of u.
2, 7
Let w = 81 - 76. Suppose 7*b - 536 = -4*o + 3*b, w*b + 402 = 3*o. What are the prime factors of o?
2, 67
Suppose -z = -9*l + 11*l - 6597, -z = -5. What are the prime factors of l?
2, 103
What are the prime factors of (3 - 5/2)*3048/3?
2, 127
Suppose 7*w - 64 = 6*w. Suppose -204 = -5*h - w. Suppose 5*m = -d + 70, -5*d = -2*m - d + h. What are the prime factors of m?
2, 7
Let x(y) = y**2 + y + 1. Let b(l) = 4*l**2 - 9*l + 17. Let t(o) = b(o) - 5*x(o). Let k be t(-15). Let f(z) = -8*z + 1. List the prime factors of f(k).
5
Suppose 5*c + 1917 = 3*v, -v = -5*v - 2*c + 2530. What are the prime factors of v?
2, 317
Let q(u) = 24 - 11 - u**2 - 17 + 17*u. Suppose 0 = -3*i + 4*c + 13, i - c = -4*i + 50. List the prime factors of q(i).
2, 31
Suppose 0 = 2*q - 0 - 2. Let m(c) = 8*c**3 - 4*c**2 + 5*c**2 + 12*c**3 - 2*c**3. List the prime factors of m(q).
19
Suppose -4*o + 20 + 4 = 0. Suppose 0 = o*d - 30 + 102. List the prime factors of (-42)/(-1) - d/4.
3, 5
Suppose 0 = -5*y + 13319 + 366. What are the prime factors of (-5)/(-3) + y/21?
2, 3, 11
What are the prime factors of 111088/159 - 2*1/3?
2, 349
Let b(g) = g**2 - 5*g. Let y be b(-5). Suppose -y = -4*o - 2*d, -o - 4*o = d - 67. Suppose 0 = v - o. List the prime factors of v.
2, 7
Suppose 64*c = 5195 + 12277. List the prime factors of c.
3, 7, 13
Let k = -20 + 49. Suppose 0 = 3*r - 5*l - 10, r - 3*l = 2*r - 22. Let q = k - r. What are the prime factors of q?
19
Suppose 0 = -w + 12 + 453. Let u = w - 302. What are the prime factors of u?
163
Suppose -2*w - 1 + 7 = 0. Let y be -5 + (2 - -1) + w. List the prime factors of -1*(-2 - 2/y).
2
Suppose 3*n + 0*n + 4*u = 1359, 2*u = -n + 453. List the prime factors of n.
3, 151
Let l be ((-2157)/(-66) - 8/44)*2. Let k = -10 + l. What are the prime factors of k?
5, 11
Let n(g) = -6 + 4*g + 3 - 2*g**2 + 6*g - 26*g. List the prime factors of n(-7).
11
Let x(f) = 2*f**2 - 4*f + 7. Let c be x(5). Let l(w) = 5*w - 29. Let d be l(11). Suppose d = m + 4*s, -2*m + s + c = 4*s. What are the prime factors of m?
2, 7
Let k(z) be the first derivative of -z**6/360 + z**5/12 - z**4/6 - 4*z**3 - 6. Let v(x) be the third derivative of k(x). List the prime factors of v(4).
2, 5
Let u be -1*3/(-2 + 5) - -3. Suppose -u*c + 4*v + 327 = -v, 0 = 2*v - 6. List the prime factors of c.
3, 19
Let b be (2 + -10)/((-4)/2). Suppose 12 = 4*s, b*u - 18 = -s - s. Suppose 0 = 3*j + u, 0 = -3*i - 3*j + 3. List the prime factors of i.
2
Suppose 0*s + 6 = 2*s, -4*s = i - 47. Suppose -19*w = -14*w + 35. Let j = w + i. List the prime factors of j.
2, 7
Let s(h) = h**2 + 8*h + 8. Let c be s(-8). Suppose -c*q + 15 = -5*q. Suppose 5*o - 9 = -2*i, -3*i - q*o = -0*o - 16. What are the prime factors of i?
7
Suppose -4*m = 3*i + 4773, 5*i - 2844 = 5*m + 3166. What are the prime factors of 4/16 - m/12?
2, 5
Suppose -2*v + 824 = -s, -3*s = 3*v - 1528 + 301. List the prime factors of v.
3, 137
Suppose 0 = -20*c + 4374 - 894. What are the prime factors of c?
2, 3, 29
What are the prime factors of 726/(7 - 4 - 6/4)?
2, 11
Let o = -50 - -44. What are the prime factors of 39*o*1*1/(-2)?
3, 13
What are the prime factors of (-1)/(-4) + 824/32?
2, 13
Suppose 0 = -0*v - 2*v - 26. Let n be (-448)/24 + (-6)/(-9). Let t = v - n. What are the prime factors of t?
5
Let j(z) = -4*z**2 - 2*z + 2. Let c(i) = -i. Let f(q) = -2*c(q) - j(q). Let w be f(2). Suppose 0 = -4*m + 78 + w. What are the prime factors of m?
5
Suppose 4*y - 1086 = -3*t + 9*y, 5*y - 1448 = -4*t. List the prime factors of t.
2, 181
Let t = -17 + 21. Suppose 2*i + t*j = 115 - 1, -4*i + 255 = -j. List the prime factors of i.
3, 7
Let s(o) = -447*o + 465. What are the prime factors of s(-6)?
3, 1049
Let n(r) = -3*r - 1. Let f be n(-3). Let c(q) = q**2 - 9*q - 7. Let u(x) = x**2 - 9*x - 7. Let y(v) = 3*c(v) - 4*u(v). What are the prime factors of y(f)?
3, 5
Let j(i) = 10*i**3 + 2*i**2 + 11*i - 22. List the prime factors of j(4).
2, 347
Suppose 0 = y - 2 - 7. Let v = y + -6. What are the prime factors of 22 - -1 - 3/v?
2, 11
Let v be (-2)/(-8) - (1 + (-100551)/(-12)). What are the prime factors of v/(-50) + (-4)/(-10)?
2, 3, 7
Let x = 3549 - 1841. Suppose 40*n = 47*n - x. What are the prime factors of n?
2, 61
Suppose 0 = -19*q + 30*q - 6567. Suppose 4*b = q + 315. List the prime factors of b.
2, 3, 19
Let m(k) = k**2 - 10*k + 11. Let v be m(9). Let r 